{"id":254,"date":"2025-01-01T15:03:50","date_gmt":"2025-01-01T14:03:50","guid":{"rendered":"https:\/\/mchochlik.cz\/?page_id=254"},"modified":"2025-03-12T08:48:01","modified_gmt":"2025-03-12T07:48:01","slug":"tlakovy-holter","status":"publish","type":"page","link":"https:\/\/mchochlik.cz\/index.php\/tlakovy-holter\/","title":{"rendered":"Tlakov\u00fd holter"},"content":{"rendered":"<p><strong>24-hodinov\u00e9 dom\u00e1c\u00ed m\u011b\u0159en\u00ed krevn\u00edho tlaku (tlakov\u00fd holter).<\/strong><\/p>\n<p>Jedn\u00e1 se o modern\u00ed p\u0159\u00edstrojov\u00e9 vy\u0161et\u0159en\u00ed, kter\u00e9 n\u00e1m pom\u016f\u017ee l\u00e9pe diagnostikovat, sledovat, monitorovat a l\u00e9\u010dit pacienty s vysok\u00fdm krevn\u00edm tlakem. D\u00e1le n\u00e1m pom\u016f\u017ee vylou\u010dit takzvan\u00fd &#8222;syndrom b\u00edl\u00e9ho pl\u00e1\u0161t\u011b&#8220; &#8211; tedy stav, kdy je z podv\u011bdom\u00e9ho stresu krevn\u00ed tlak zv\u00fd\u0161en jen u l\u00e9ka\u0159e. Pom\u016f\u017ee l\u00e9\u010dbu krevn\u00edho tlaku skute\u010dn\u011b &#8222;u\u0161\u00edt na m\u00edru&#8220; ka\u017ed\u00e9mu pacientovi.<\/p>\n<p>Vy\u0161et\u0159en\u00ed jako takov\u00e9 nen\u00ed nebezpe\u010dn\u00e9, bolestiv\u00e9 ani jinak invazivn\u00ed. V z\u00e1sad\u011b se p\u0159\u00edli\u0161 neli\u0161\u00ed od samotn\u00e9ho m\u011b\u0159en\u00ed tlaku v ordinaci. Na ruku V\u00e1m namot\u00e1me tlakovou man\u017eetu, kter\u00e1 se p\u0159i m\u011b\u0159en\u00ed tlaku nafoukne a postupn\u011b se vyfukuje. Stejn\u011b jako m\u011b\u0159en\u00ed tlaku u n\u00e1s v ordinaci. Holterovsk\u00e9 vy\u0161et\u0159en\u00ed je specifick\u00e9 v tom, \u017ee se m\u011b\u0159en\u00ed automaticky pravideln\u011b opakuje, p\u0159\u00edstroj je pln\u011b automatizovan\u00fd a o v\u0161e se postar\u00e1 s\u00e1m.<\/p>\n<p>Po vyhodnocen\u00ed z\u00e1znamu z\u00edsk\u00e1me k\u0159ivku, kter\u00e1 zn\u00e1zor\u0148uje v\u00fdvoj krevn\u00edho tlaku v \u010dase b\u011bhem jednotliv\u00fdch m\u011b\u0159en\u00ed &#8211; ta n\u00e1m n\u00e1sledn\u011b pom\u016f\u017ee l\u00e9pe nastavit l\u00e9\u010dbu nebo dal\u0161\u00ed postup p\u0159i sledov\u00e1n\u00ed vysok\u00e9ho krevn\u00edho tlaku (hypertenze).<\/p>\n<p><strong>\u00a0<\/strong><\/p>\n<p><strong>Jak prob\u00edh\u00e1<\/strong><\/p>\n<p>Dostav\u00edte se na domluven\u00fd den a hodinu do na\u0161\u00ed ordinace. Sest\u0159i\u010dka V\u00e1m nasad\u00ed na ruku man\u017eetu, naprogramujeme p\u0159\u00edstroj (intervaly m\u011b\u0159en\u00ed, denn\u00ed a no\u010dn\u00ed re\u017eim apod.) a nasad\u00edme V\u00e1m ho na t\u011blo. P\u0159\u00edstroj pak bude pravideln\u011b m\u011b\u0159it TK. Dal\u0161\u00ed den p\u0159ich\u00e1z\u00edte znovu k n\u00e1m na p\u0159edem domluvenou hodinu, kdy p\u0159\u00edstroj sund\u00e1me a Vy odch\u00e1z\u00edte dom\u016f. L\u00e9ka\u0159 pak vy\u0161et\u0159en\u00ed vyhodnot\u00ed a v\u00fdsledek s\u00a0V\u00e1mi probere.<\/p>\n<p>&nbsp;<\/p>\n<p><strong>Jak se p\u0159ipravit\u00a0<\/strong><\/p>\n<p>Ud\u011blejte si na vy\u0161et\u0159en\u00ed \u010das &#8211; p\u016fjdete k n\u00e1m dva dny po sob\u011b. Samoz\u0159ejm\u011b m\u00e1te, jako na ka\u017ed\u00e9 vy\u0161et\u0159en\u00ed u l\u00e9ka\u0159e, n\u00e1rok na propustku do pr\u00e1ce.<\/p>\n<p><strong><u>P\u0159ed vy\u0161et\u0159en\u00edm se osprchujte a na vy\u0161et\u0159en\u00ed p\u0159ij\u010fte s voln\u00fdm trikem s kr\u00e1tk\u00fdm ruk\u00e1vem.<\/u><\/strong>\u00a0Mo\u017en\u00e1 to zn\u00ed nezdvo\u0159ile, ale vezm\u011bte v potaz, \u017ee budete m\u00edt 24 hodin na ruce gumovou man\u017eetu, pod kterou se budete potit a kterou si nem\u016f\u017eete sundat. D\u00e1le je nutn\u00e9 m\u00edt na horn\u00ed polovin\u011b t\u011bla voln\u00fd od\u011bv.<\/p>\n<p><strong>\u00a0<\/strong><\/p>\n<p><strong>Jak se chovat b\u011bhem vy\u0161et\u0159en\u00ed?<\/strong><\/p>\n<p>D\u00e1vejte pozor na p\u0159\u00edstroj, aby nedo\u0161lo k jeho mechanick\u00e9mu po\u0161kozen\u00ed, namo\u010den\u00ed nebo ztr\u00e1t\u011b.<\/p>\n<p>V pr\u016fb\u011bhu m\u011b\u0159en\u00ed zachovejte b\u011b\u017en\u00fd denn\u00ed re\u017eim.<\/p>\n<p>M\u016f\u017eete prov\u00e1d\u011bt ve\u0161ker\u00e9 b\u011b\u017en\u00e9 denn\u00ed \u010dinnosti. Zak\u00e1z\u00e1ny jsou fyzicky n\u00e1ro\u010dn\u00e9 \u010dinnosti v\u010detn\u011b cvi\u010den\u00ed a pohlavn\u00edho styku, n\u00e1ro\u010dn\u00e9 pr\u00e1ce, zved\u00e1n\u00ed t\u011b\u017ek\u00fd b\u0159emen apod. A d\u00e1le jak\u00e9koliv \u010dinnosti, kdy by mohl doj\u00edt k po\u0161kozen\u00ed p\u0159\u00edstroje nebo jeho p\u0159\u00edslu\u0161enstv\u00ed.<\/p>\n<p>Pokud p\u0159i m\u011b\u0159en\u00ed jdete, je vhodn\u00e9 se zastavit. Pokud n\u011bco nesete, je vhodn\u00e9 b\u0159emeno polo\u017eit.<\/p>\n<p>S p\u0159\u00edstrojem se NEM\u016e\u017dETE koupat. P\u0159\u00edstroj nesm\u00ed p\u0159ij\u00edt do styku s vodou nebo jinou tekutinou. Nesm\u00ed b\u00fdt v pra\u0161n\u00e9m prost\u0159ed\u00ed. Nevystavujte ho p\u0159\u00edm\u00e9mu slunci.<\/p>\n<p>P\u0159\u00edstroj m\u011b\u0159\u00ed tlak v nastaven\u00e9m re\u017eimu: <strong>denn\u00ed<\/strong> (07 &#8211; 22h) \u00a0po 30 minut\u00e1ch, <strong>no\u010dn\u00ed<\/strong> (22-06h) po 60 minut\u00e1ch.<\/p>\n<p>Pokud p\u0159\u00edstroj m\u011b\u0159\u00ed a man\u017eeta se nafukuje\/vyfukuje, je pot\u0159eba ruku s man\u017eetou nat\u00e1hnout a nechat voln\u011b viset nebo le\u017eet (svaly v n\u00ed &#8222;vypnout&#8220;) a NEMLUVIT.<\/p>\n","protected":false},"excerpt":{"rendered":"<p>24-hodinov\u00e9 dom\u00e1c\u00ed m\u011b\u0159en\u00ed krevn\u00edho tlaku (tlakov\u00fd holter). Jedn\u00e1 se o modern\u00ed p\u0159\u00edstrojov\u00e9 vy\u0161et\u0159en\u00ed, kter\u00e9 n\u00e1m pom\u016f\u017ee l\u00e9pe diagnostikovat, sledovat, monitorovat a l\u00e9\u010dit pacienty s vysok\u00fdm krevn\u00edm tlakem. D\u00e1le n\u00e1m pom\u016f\u017ee vylou\u010dit takzvan\u00fd &#8222;syndrom b\u00edl\u00e9ho pl\u00e1\u0161t\u011b&#8220; &#8211; tedy stav, kdy je z podv\u011bdom\u00e9ho stresu krevn\u00ed tlak zv\u00fd\u0161en jen u l\u00e9ka\u0159e. Pom\u016f\u017ee l\u00e9\u010dbu krevn\u00edho tlaku skute\u010dn\u011b &#8222;u\u0161\u00edt &hellip; <\/p>\n","protected":false},"author":1,"featured_media":0,"parent":0,"menu_order":0,"comment_status":"closed","ping_status":"closed","template":"","meta":{"footnotes":""},"class_list":["post-254","page","type-page","status-publish","hentry"],"aioseo_notices":[],"_links":{"self":[{"href":"https:\/\/mchochlik.cz\/index.php\/wp-json\/wp\/v2\/pages\/254","targetHints":{"allow":["GET"]}}],"collection":[{"href":"https:\/\/mchochlik.cz\/index.php\/wp-json\/wp\/v2\/pages"}],"about":[{"href":"https:\/\/mchochlik.cz\/index.php\/wp-json\/wp\/v2\/types\/page"}],"author":[{"embeddable":true,"href":"https:\/\/mchochlik.cz\/index.php\/wp-json\/wp\/v2\/users\/1"}],"replies":[{"embeddable":true,"href":"https:\/\/mchochlik.cz\/index.php\/wp-json\/wp\/v2\/comments?post=254"}],"version-history":[{"count":2,"href":"https:\/\/mchochlik.cz\/index.php\/wp-json\/wp\/v2\/pages\/254\/revisions"}],"predecessor-version":[{"id":276,"href":"https:\/\/mchochlik.cz\/index.php\/wp-json\/wp\/v2\/pages\/254\/revisions\/276"}],"wp:attachment":[{"href":"https:\/\/mchochlik.cz\/index.php\/wp-json\/wp\/v2\/media?parent=254"}],"curies":[{"name":"wp","href":"https:\/\/api.w.org\/{rel}","templated":true}]}}